 a composite number?
True
Is 175129 composite?
False
Is 149491 prime?
True
Is 3202271 prime?
True
Is 20593 composite?
False
Is 14969 a composite number?
False
Is 169399 composite?
False
Is 250363 prime?
False
Is 83329 composite?
True
Is 363359 a prime number?
True
Is 4561 a composite number?
False
Is 98207 a prime number?
True
Is 69241 a composite number?
True
Is 14963 composite?
True
Is 340027 a prime number?
True
Is 14023 prime?
False
Is 301199 a prime number?
False
Is 88103 composite?
True
Is 1513 prime?
False
Is 33343 a prime number?
True
Is 97687 prime?
True
Is 21281 a prime number?
False
Is 1934 prime?
False
Is 4111 composite?
False
Is 8807 a prime number?
True
Is 37951 composite?
False
Is 68729 prime?
True
Is 634 composite?
True
Is 6449 composite?
False
Is 2071487 prime?
False
Is 347 prime?
True
Is 9863 a composite number?
True
Is 4103 a composite number?
True
Is 20051 a composite number?
False
Is 3205 a composite number?
True
Is 215377 prime?
False
Is 294131 prime?
True
Is 208051 composite?
True
Is 443503 a prime number?
False
Is 129773 prime?
False
Is 1044487 a composite number?
True
Is 2039 a composite number?
False
Is 18041 prime?
True
Is 442751 a composite number?
True
Is 562 composite?
True
Is 78121 a composite number?
False
Is 44903 a prime number?
False
Is 15343 a prime number?
False
Is 55267 a prime number?
False
Is 325363 a prime number?
False
Is 104453 prime?
False
Is 1566449 a composite number?
False
Is 8203 a prime number?
False
Is 8521 composite?
False
Is 1045687 prime?
False
Is 1017449 a composite number?
False
Is 955 a prime number?
False
Is 419269 a composite number?
True
Is 6801 composite?
True
Is 26449 composite?
False
Is 135319 a prime number?
True
Is 2600965 a prime number?
False
Is 460871 prime?
True
Is 1027 a prime number?
False
Is 2681803 composite?
False
Is 26459 a prime number?
True
Is 453617 a composite number?
False
Is 337 a composite number?
False
Is 90667 composite?
True
Is 1961 prime?
False
Is 15089 prime?
False
Is 126167 prime?
False
Is 323 a composite number?
True
Is 550139 a composite number?
False
Is 23227 a prime number?
True
Is 225721 prime?
True
Is 118387 prime?
True
Is 5357 a composite number?
True
Is 114179 prime?
False
Is 4981 a prime number?
False
Is 64861 prime?
False
Is 1145471 composite?
True
Is 116507 prime?
True
Is 93719 prime?
True
Is 1496837 prime?
True
Is 76309 a composite number?
True
Is 881915 composite?
True
Is 45367 prime?
False
Is 5677 composite?
True
Is 3263 prime?
False
Is 584297 prime?
False
Is 7403 a prime number?
False
Is 35831 a composite number?
False
Is 49561 a composite number?
True
Is 185021 a composite number?
False
Is 1548797 a prime number?
False
Is 32713 a composite number?
False
Is 13247 prime?
False
Is 110419 prime?
True
Is 3969937 composite?
False
Is 13267 composite?
False
Is 45281 a prime number?
True
Is 243517 a prime number?
True
Is 214039 a composite number?
True
Is 18947 composite?
False
Is 1333 a prime number?
False
Is 6589 a composite number?
True
Is 465151 composite?
False
Is 135381 prime?
False
Is 3403 a prime number?
False
Is 65579 a composite number?
False
Is 76997 a composite number?
True
Is 123674 prime?
False
Is 279817 a prime number?
True
Is 11549 composite?
False
Is 13517 composite?
True
Is 84377 a composite number?
False
Is 1533401 a composite number?
False
Is 333841 a composite number?
True
Is 38513 prime?
False
Is 45449 composite?
True
Is 2153 a prime number?
True
Is 10589 composite?
False
Is 12817 prime?
False
Is 1783 a prime number?
True
Is 118669 prime?
True
Is 3949 a composite number?
True
Is 199583 a composite number?
False
Is 19531 a composite number?
False
Is 63482 prime?
False
Is 19883 a prime number?
False
Is 10495 a composite number?
True
Is 10297 a prime number?
False
Is 36433 a prime number?
True
Is 183569 a prime number?
True
Is 1824962 prime?
False
Is 242237 composite?
True
Is 167149 composite?
False
Is 10901 a prime number?
False
Is 26167 a prime number?
False
Is 143693 composite?
True
Is 830221 a composite number?
True
Is 600503 prime?
False
Is 943 prime?
False
Is 98749 composite?
True
Is 4561 prime?
True
Is 14251 a composite number?
False
Is 184307 composite?
True
Is 22483 a composite number?
False
Is 156158 prime?
False
Is 40367 composite?
True
Is 42557 a prime number?
True
Is 3256257 prime?
False
Is 53945 composite?
True
Is 2286599 composite?
True
Is 105601 a composite number?
False
Is 3989 a prime number?
True
Is 145391 a composite number?
False
Is 15511 a prime number?
True
Is 14221 a composite number?
False
Is 2061173 prime?
True
Is 115487 a prime number?
False
Is 684637 composite?
False
Is 228953 composite?
False
Is 29929 a composite number?
True
Is 21647 a composite number?
False
Is 50483 a prime number?
False
Is 116089 a composite number?
False
Is 25663 prime?
False
Is 10169 composite?
False
Is 40879 a composite number?
False
Is 30749 composite?
True
Is 86455 a prime number?
False
Is 166147 a composite number?
False
Is 552439 prime?
False
Is 115679 composite?
False
Is 42431 a prime number?
False
Is 6227 a prime number?
False
Is 13829 a prime number?
True
Is 807019 a composite number?
True
Is 1558929 a composite number?
True
Is 1370483 a prime number?
True
Is 1427017 a prime number?
True
Is 4763 a prime number?
False
Is 2761 composite?
True
Is 23269 prime?
True
Is 962866 a prime number?
False
Is 2558471 prime?
True
Is 436729 composite?
False
Is 500299 composite?
False
Is 10681 composite?
True
Is 275051 prime?
False
Is 26965 prime?
False
Is 539921 composite?
False
Is 4327 prime?
True
Is 6623 composite?
True
Is 161426 prime?
False
Is 5587 prime?
False
Is 36221 a composite number?
True
Is 116159 prime?
True
Is 3593 a prime number?
True
Is 2437 prime?
True
Is 43649 a prime number?
True
Is 7621 prime?
True
Is 673811 prime?
True
Is 373 composite?
False
Is 1411 prime?
False
Is 1264933 composite?
False
Is 3115769 composite?
False
Is 37397 a prime number?
True
Is 50819 a prime number?
False
Is 29411 a prime number?
True
Is 79757 a composite number?
False
Is 749 a composite number?
True
Is 781 a composite number?
True
Is 1403603 a prime number?
True
Is 100883 a composite number?
True
Is 14822 a composite number?
True
Is 251 prime?
True
Is 59921 a prime number?
True
Is 9349 prime?
True
Is 298055 composite?
True
Is 121181 a composite number?
False
Is 1561361 prime?
False
Is 9865 a composite number?
True
Is 1685483 a prime number?
True
Is 2096483 prime?
True
Is 212621 a prime number?
False
Is 110161 composite?
False
Is 4819 prime?
False
Is 45481 composite?
False
Is 16521 a prime number?
False
Is 560749 composite?
True
Is 83969 a composite number?
False
Is 686287 composite?
True
Is 272903 prime?
True
Is 81734 prime?
False
Is 1948021 prime?
True
Is 913571 prime?
True
Is 59973 a prime number?
False
Is 5663 composite?
True
Is 619 a prime number?
True
Is 4271 a composite number?
False
Is 2461501 prime?
False
Is 134911 composite?
True
Is 6559 composite?
True
Is 14349 prime?
False
Is 9862 a prime number?
False
Is 9029 prime?
True
Is 40213 composite?
False
Is 4771 a prime number?
False
Is 457937 composite?
True
Is 6131 prime?
True
Is 2377127 prime?
False
Is 2054651 prime?
False
Is 379273 prime?
True
Is 248231 prime?
True
Is 32831 a prime number?
True
Is 37119 composite?
True
Is 1889 a prime number?
True
Is 2317 a prime number?
False
Is 72587 composite?
True
Is 43349 prime?
False
Is 2633 a composite number?
False
Is 299971 a prime number?
False
Is 17074 a prime number?
False
Is 184993 prime?
True
Is 10663 a prime number?
True
Is 145949 a prime number?
True
Is 1594 prime?
False
Is 612037 composite?
False
Is 384641 a composite number?
False
Is 15437 a prime number?
False
Is 11777 a prime number?
True
Is 541 a prime number?
True
Is 7817 composite?
False
Is 8746 composite?
True
Is 2515 prime?
False
Is 673 a composite number?
False
Is 192083 a prime number?
False
Is 74377 a composite number?
False
Is 74813 composite?
True
Is 72595 composite?
True
Is 20245 composite?
True
Is 50695 a composite number?
True
Is 9491 prime?
True
Is 22731 a prime number?
False
Is 1693 a composite number?
False
Is 232961 prime?
True
Is 1639 prime?
False
Is 2721 a composite number?
True
Is 4637 prime?
True
Is 44097 a composite number?
True
Is 124969 a prime number?
Fals